{"id":13,"date":"2018-09-17T16:36:15","date_gmt":"2018-09-17T16:36:15","guid":{"rendered":"http:\/\/demo.sharkthemes.com\/chives-pro\/?page_id=13"},"modified":"2019-03-05T14:45:30","modified_gmt":"2019-03-05T13:45:30","slug":"cours-de-sculpture","status":"publish","type":"page","link":"https:\/\/schneider-artiste.com\/index.php\/cours-de-sculpture\/","title":{"rendered":"Sculpture"},"content":{"rendered":"<p>Le <strong>style<\/strong> du motif \u00e0 r\u00e9aliser est\u00a0<strong>personnalis\u00e9<\/strong>\u00a0selon le temps disponible et les pr\u00e9f\u00e9rences de chacun :<\/p>\n<ul>\n<li>sculpture animali\u00e8re et anatomique,<\/li>\n<li>gravure de lettres, monogrammes,<\/li>\n<li>sculptures ethnique, ornementale, en trompe-l\u2019\u0153il<\/li>\n<\/ul>\n<p>Des <strong>notions techniques<\/strong> sont abord\u00e9es pendant les cours et les stages :<\/p>\n<ul>\n<li>connaissance de la mati\u00e8re : argile, pierre et bois,<\/li>\n<li>approche de la taille directe : maniement des outils du sculpteur lors du d\u00e9grossi et du model\u00e9 (bas-relief, haut-relief, statuaire),<\/li>\n<li>finitions : cirage \u00e0 chaud, teintes de couleur, brunissage et patines, dorure, adouci et polissage,<\/li>\n<li>aff\u00fbtage et entretien du mat\u00e9riel<\/li>\n<\/ul>\n<p>Le <strong>niveau<\/strong> est adapt\u00e9 pour d\u00e9butants et confirm\u00e9s, ainsi que pour les enfants (d\u00e8s 7 ans).<\/p>\n<p>L&rsquo;<strong>\u00e9quipement<\/strong> professionnel et les outils sont pr\u00eat\u00e9s aux personnes non \u00e9quip\u00e9es.<\/p>\n\n\n<div style=\"height:100px\" aria-hidden=\"true\" class=\"wp-block-spacer\"><\/div>\n\n\n\n<div class=\"wp-block-media-text alignwide\" style=\"grid-template-columns:44% auto\"><figure class=\"wp-block-media-text__media\"><img loading=\"lazy\" decoding=\"async\" width=\"700\" height=\"700\" src=\"http:\/\/schneider-artiste.com\/wp-content\/uploads\/2019\/02\/Cours-et-stages-de-sculpture-1.jpg\" alt=\"\" class=\"wp-image-240\" srcset=\"https:\/\/schneider-artiste.com\/wp-content\/uploads\/2019\/02\/Cours-et-stages-de-sculpture-1.jpg 700w, https:\/\/schneider-artiste.com\/wp-content\/uploads\/2019\/02\/Cours-et-stages-de-sculpture-1-150x150.jpg 150w, https:\/\/schneider-artiste.com\/wp-content\/uploads\/2019\/02\/Cours-et-stages-de-sculpture-1-300x300.jpg 300w, https:\/\/schneider-artiste.com\/wp-content\/uploads\/2019\/02\/Cours-et-stages-de-sculpture-1-600x600.jpg 600w\" sizes=\"(max-width: 700px) 100vw, 700px\" \/><\/figure><div class=\"wp-block-media-text__content\">\n<h4 class=\"wp-block-heading\">Cours :<\/h4>\n\n\n\n<ul><li><strong>Les 1er et 3e samedis du mois<\/strong>  <\/li><li><strong>Horaires :<\/strong> de 14h \u00e0 17h30<\/li><li><strong>Tarifs adultes :<\/strong> 210\u20ac le trimestre (session de 6 cours) ou 45\u20ac l&rsquo;apr\u00e8s-midi<\/li><li><strong>Tarif enfants<\/strong> de 7 \u00e0 12 ans : 100\u20ac le trimestre (cours de 2h) <\/li><li><strong>Lieu : <\/strong>21 All\u00e9e des tilleuls &#8211; 21120 <strong>Marcilly-sur-Tille<\/strong><\/li><\/ul>\n\n\n\n<p><\/p>\n<\/div><\/div>\n\n\n\n<div style=\"height:100px\" aria-hidden=\"true\" class=\"wp-block-spacer\"><\/div>\n\n\n\n<div class=\"wp-block-media-text alignwide has-media-on-the-right\" style=\"grid-template-columns:auto 44%\"><figure class=\"wp-block-media-text__media\"><img loading=\"lazy\" decoding=\"async\" width=\"700\" height=\"700\" src=\"http:\/\/schneider-artiste.com\/wp-content\/uploads\/2019\/02\/Cours-et-stages-de-sculpture-2.jpg\" alt=\"\" class=\"wp-image-254\" srcset=\"https:\/\/schneider-artiste.com\/wp-content\/uploads\/2019\/02\/Cours-et-stages-de-sculpture-2.jpg 700w, https:\/\/schneider-artiste.com\/wp-content\/uploads\/2019\/02\/Cours-et-stages-de-sculpture-2-150x150.jpg 150w, https:\/\/schneider-artiste.com\/wp-content\/uploads\/2019\/02\/Cours-et-stages-de-sculpture-2-300x300.jpg 300w, https:\/\/schneider-artiste.com\/wp-content\/uploads\/2019\/02\/Cours-et-stages-de-sculpture-2-600x600.jpg 600w\" sizes=\"(max-width: 700px) 100vw, 700px\" \/><\/figure><div class=\"wp-block-media-text__content\">\n<h4 class=\"wp-block-heading\">Stages d&rsquo;\u00e9t\u00e9 (5 jours) :<\/h4>\n\n\n\n<ul><li><strong>Une semaine<\/strong> au mois de <strong>juillet*<\/strong><\/li><li><strong>Une semaine<\/strong> au mois d&rsquo;<strong>ao\u00fbt*\u00a0<\/strong><\/li><li><strong>Horaires :<\/strong> de 9h \u00e0 12h et de 14h \u00e0 17h30<\/li><li><strong>Tarif :<\/strong> 430\u20ac<\/li><li><strong>Repas :<\/strong> en commun &#8211; apporter sal\u00e9 ou sucr\u00e9 &#8211; boissons fournies <\/li><li><strong>Lieu : <\/strong> Place de l\u2019\u00c9glise \u2013 70100 <strong>Auvet-et-la-Chapelotte<\/strong> <\/li><\/ul>\n\n\n\n<p style=\"text-align:center\"><strong><em>*Pour&nbsp;connaitre&nbsp;les&nbsp;dates&nbsp;des&nbsp;prochains&nbsp;stages<\/em><\/strong> <strong><em>:<\/em><\/strong><\/p>\n\n\n\n<div class=\"wp-block-button aligncenter\"><a class=\"wp-block-button__link\" href=\"http:\/\/schneider-artiste.com\/index.php\/contacts\/\">Contactez-nous<\/a><\/div>\n<\/div><\/div>\n\n\n\n<div style=\"height:100px\" aria-hidden=\"true\" class=\"wp-block-spacer\"><\/div>\n\n\n\n<h4 class=\"wp-block-heading\">Animations<\/h4>\n\n\n\n<p>David Schneider participe \u00e0 des <strong>symposiums<\/strong>, des <strong>expositions<\/strong> artistiques et des <strong>salons<\/strong>. Il propose \u00e9galement des<strong> interventions scolaires<\/strong> et des <strong>animations tout public.<\/strong><\/p>\n\n\n\n<ul class=\"wp-block-gallery alignwide columns-3 is-cropped wp-block-gallery-1 is-layout-flex wp-block-gallery-is-layout-flex\"><li class=\"blocks-gallery-item\"><figure><img loading=\"lazy\" decoding=\"async\" width=\"728\" height=\"728\" src=\"http:\/\/schneider-artiste.com\/wp-content\/uploads\/2019\/02\/1250863772785_zoom_ret-1.jpg\" alt=\"\" data-id=\"546\" data-link=\"http:\/\/schneider-artiste.com\/index.php\/cours-de-sculpture\/1250863772785_zoom_ret-2\/\" class=\"wp-image-546\" srcset=\"https:\/\/schneider-artiste.com\/wp-content\/uploads\/2019\/02\/1250863772785_zoom_ret-1.jpg 728w, https:\/\/schneider-artiste.com\/wp-content\/uploads\/2019\/02\/1250863772785_zoom_ret-1-150x150.jpg 150w, https:\/\/schneider-artiste.com\/wp-content\/uploads\/2019\/02\/1250863772785_zoom_ret-1-300x300.jpg 300w, https:\/\/schneider-artiste.com\/wp-content\/uploads\/2019\/02\/1250863772785_zoom_ret-1-600x600.jpg 600w\" sizes=\"(max-width: 728px) 100vw, 728px\" \/><\/figure><\/li><li class=\"blocks-gallery-item\"><figure><img loading=\"lazy\" decoding=\"async\" width=\"700\" height=\"700\" src=\"http:\/\/schneider-artiste.com\/wp-content\/uploads\/2019\/02\/animations-sculpture-2.jpg\" alt=\"\" data-id=\"270\" data-link=\"http:\/\/schneider-artiste.com\/index.php\/cours-de-sculpture\/animations-sculpture-2\/\" class=\"wp-image-270\" srcset=\"https:\/\/schneider-artiste.com\/wp-content\/uploads\/2019\/02\/animations-sculpture-2.jpg 700w, https:\/\/schneider-artiste.com\/wp-content\/uploads\/2019\/02\/animations-sculpture-2-150x150.jpg 150w, https:\/\/schneider-artiste.com\/wp-content\/uploads\/2019\/02\/animations-sculpture-2-300x300.jpg 300w, https:\/\/schneider-artiste.com\/wp-content\/uploads\/2019\/02\/animations-sculpture-2-600x600.jpg 600w\" sizes=\"(max-width: 700px) 100vw, 700px\" \/><\/figure><\/li><li class=\"blocks-gallery-item\"><figure><img loading=\"lazy\" decoding=\"async\" width=\"700\" height=\"700\" src=\"http:\/\/schneider-artiste.com\/wp-content\/uploads\/2019\/02\/animations-sculpture-1.jpg\" alt=\"\" data-id=\"269\" data-link=\"http:\/\/schneider-artiste.com\/index.php\/cours-de-sculpture\/animations-sculpture-1\/\" class=\"wp-image-269\" srcset=\"https:\/\/schneider-artiste.com\/wp-content\/uploads\/2019\/02\/animations-sculpture-1.jpg 700w, https:\/\/schneider-artiste.com\/wp-content\/uploads\/2019\/02\/animations-sculpture-1-150x150.jpg 150w, https:\/\/schneider-artiste.com\/wp-content\/uploads\/2019\/02\/animations-sculpture-1-300x300.jpg 300w, https:\/\/schneider-artiste.com\/wp-content\/uploads\/2019\/02\/animations-sculpture-1-600x600.jpg 600w\" sizes=\"(max-width: 700px) 100vw, 700px\" \/><\/figure><\/li><\/ul>\n","protected":false},"excerpt":{"rendered":"<p>Le style du motif \u00e0 r\u00e9aliser est\u00a0personnalis\u00e9\u00a0selon le temps disponible et les pr\u00e9f\u00e9rences de chacun : sculpture animali\u00e8re et anatomique, gravure de lettres, monogrammes, sculptures [&hellip;]<\/p>\n","protected":false},"author":1,"featured_media":542,"parent":0,"menu_order":0,"comment_status":"closed","ping_status":"closed","template":"","meta":{"footnotes":""},"_links":{"self":[{"href":"https:\/\/schneider-artiste.com\/index.php\/wp-json\/wp\/v2\/pages\/13"}],"collection":[{"href":"https:\/\/schneider-artiste.com\/index.php\/wp-json\/wp\/v2\/pages"}],"about":[{"href":"https:\/\/schneider-artiste.com\/index.php\/wp-json\/wp\/v2\/types\/page"}],"author":[{"embeddable":true,"href":"https:\/\/schneider-artiste.com\/index.php\/wp-json\/wp\/v2\/users\/1"}],"replies":[{"embeddable":true,"href":"https:\/\/schneider-artiste.com\/index.php\/wp-json\/wp\/v2\/comments?post=13"}],"version-history":[{"count":37,"href":"https:\/\/schneider-artiste.com\/index.php\/wp-json\/wp\/v2\/pages\/13\/revisions"}],"predecessor-version":[{"id":597,"href":"https:\/\/schneider-artiste.com\/index.php\/wp-json\/wp\/v2\/pages\/13\/revisions\/597"}],"wp:featuredmedia":[{"embeddable":true,"href":"https:\/\/schneider-artiste.com\/index.php\/wp-json\/wp\/v2\/media\/542"}],"wp:attachment":[{"href":"https:\/\/schneider-artiste.com\/index.php\/wp-json\/wp\/v2\/media?parent=13"}],"curies":[{"name":"wp","href":"https:\/\/api.w.org\/{rel}","templated":true}]}}